pose -56*c + 42538 + 36055 = 6521. Calculate the highest common divisor of c and 495.
99
Suppose -4*k + 3136 = d, 97*d = 100*d + k - 9375. Calculate the greatest common factor of d and 132.
44
Let c = 229 + -401. Let o = 136 - c. Suppose 2*m - 140 = -3*m. Calculate the highest common factor of o and m.
28
Suppose -2*m + 4*j + 108 = 0, -4*j + 3 = -3*j. Let y = m - 106. Let s be 44/154 - y/(-14) - -11. What is the greatest common factor of 32 and s?
8
Suppose -5*x + 245 = -3*h, 5*h + 0*h - 49 = -x. Let z be 515/35 + 4 - (-14)/x. Let u = 143 - 48. Calculate the greatest common factor of z and u.
19
Let i(p) = -p - 1. Let l(j) = 5*j + 48. Let f(t) = 3*i(t) + l(t). Let h be f(0). Suppose h*c = 43*c + 22. What is the highest common divisor of 121 and c?
11
Suppose 663 = 3*d - 3*h, 0 = -3*d - 4*h - 391 + 1082. Let g(m) = -m**3 + m**2 + 30*m - 41. Let u be g(5). What is the highest common factor of d and u?
9
Let g be (-2)/8 - -9*1/4. Let d be 8 - 6 - (-2 - 14 - g). Let x be 22 + (-9)/(45/d). Calculate the greatest common divisor of x and 198.
18
Let t = -19725 - -19857. What is the greatest common divisor of 2112 and t?
132
Let x = 37129 - 30746. Calculate the highest common factor of 195 and x.
13
Suppose -77*n + 20 = -431 + 66. Let f be 24/(-40) - (-2184)/15. What is the highest common divisor of f and n?
5
Let r(k) = 6*k + 80. Let z be r(-21). Let t be (-28)/(-6)*(z + 58). What is the greatest common factor of t and 16?
8
Let b(f) = -46*f - 1. Let y be b(-1). Let g = 821 + -506. Calculate the greatest common factor of y and g.
45
Suppose 0 = 2*n - 3*n + 2*n - 5. What is the highest common divisor of n and 4010?
5
Let v = 302 - 104. Let m be (16/(-8))/(13/(-11) - -1). What is the greatest common divisor of m and v?
11
Let l(a) = -a**2 + 2*a + 7. Let v be l(5). Let h be (5 + -2)/(v/(-144)). Let z = h - 44. What is the highest common divisor of z and 20?
10
Suppose -2*n = 2*n - 554 - 1198. What is the greatest common divisor of 18 and n?
6
Let l be (936/(-780))/(164/170 + -1). Suppose -3*h = 4*a - a - 1629, 4*h + 3*a = 2173. Calculate the highest common factor of h and l.
34
Let p be (-1 + 2/(-4))/(27/(-54)). Suppose p*w + 276 = 72. Let g = -48 - w. What is the highest common factor of 220 and g?
20
Let q be (-148)/12*-207 + 9. Calculate the greatest common factor of 84 and q.
42
Let n = 3486 - 3346. What is the greatest common divisor of n and 3500?
140
Suppose 0 = 2*s - 5*m - 12, -112*m = -3*s - 116*m + 87. What is the greatest common factor of s and 1253?
7
Suppose 2*p - 2 = 4. Let j be ((-2184)/14)/(-6) + (-41 + -1)/(-6). Calculate the highest common factor of p and j.
3
Let t(q) = -q**3 - 2*q**2 - 2*q - 594. Let s be t(0). Let u = -554 - s. What is the highest common divisor of 30 and u?
10
Let f(h) = -221*h + 1873. Let k be f(8). What is the highest common divisor of k and 665?
35
Let s(i) = -2*i - 13. Let p be s(-10). Let b be 231*((-102)/(-18) + -5). What is the highest common divisor of b and p?
7
Let j(l) = 4*l + 3. Let z be j(8). Let y = 131 - 150. Let g(d) = 3*d + 71. Let k be g(y). Calculate the highest common divisor of k and z.
7
Suppose -3*t + 387 + 199 = 4*p, 0 = -2*t - p + 384. What is the highest common divisor of 95 and t?
95
Suppose 81*b + 7166 = 85574. Calculate the greatest common factor of 605 and b.
121
Let b(r) = -14*r**2 + 195*r - 14. Let c be b(14). Let l(v) = -v**3 - 29*v**2 - 31*v - 42. Let d be l(c). Calculate the highest common divisor of d and 60.
6
Let w be (-4)/(-26) - (-8 + 640/104). Suppose -11 = -2*v + 45*a - 42*a, -a - 13 = -w*v. What is the highest common divisor of v and 7?
7
Let a(c) = c**3 - 34*c**2 + 281*c - 12. Let i be a(13). What is the highest common factor of i and 1196?
92
Suppose 15*b - 4*g - 6524 = 11*b, 3*b = 2*g + 4900. What is the greatest common factor of 630 and b?
126
Let z be (-1 - -40)*6/9. Let y = 46 + -41. Suppose 4*b - 5*q + 0*q = 235, -5*b = -y*q - 300. What is the greatest common divisor of z and b?
13
Let x(j) = 4*j**2 + 70*j + 624. Let n be x(-11). Calculate the greatest common factor of n and 6.
2
Let p be (12 - 2)*4/1. Let y(l) = 7*l**2 + 42*l - 149. Let a be y(3). What is the greatest common divisor of a and p?
40
Let a = 4407 - 4391. Calculate the greatest common factor of a and 184.
8
Suppose 0 = -4*p - 4*g + 72, -3*p + 5*g + 6 + 24 = 0. Let t be 2/(-5)*-5 + 3. Suppose -t = -2*i + 235. What is the highest common divisor of p and i?
15
Suppose 373*g - 374*g = -376. Calculate the highest common divisor of 3478 and g.
94
Let x(f) = 24*f + 6. Let z be x(1). Let o = z + -32. Let b be ((-1)/o)/(((-4)/(-80))/1). Calculate the greatest common divisor of 20 and b.
10
Let j be (1074/2685)/(-1 + 183/180). Calculate the highest common factor of 4776 and j.
24
Suppose -150 = 4*m + 2*m. Let n = -24 - m. Let y be 5/((-165)/168 + n). What is the highest common factor of 40 and y?
40
Let k(d) = 3*d**3 + 2*d**2 - 2*d + 16. Suppose 0*o + 5*l = -5*o, 2*l = 2*o - 16. Let h be k(o). Calculate the highest common factor of h and 174.
58
Let r be (-4 - -3)/((-13 - -17)/(-4)). What is the highest common divisor of 458 and r?
1
Let i(l) = -l**3 + 57*l**2 - 111*l + 95. Let z be i(55). What is the greatest common divisor of z and 2230?
10
Let v = -561 + 858. Suppose -3*m - 3*a + v = 0, 8*m - 5*m = -2*a + 297. What is the greatest common divisor of 33 and m?
33
Let p be (-4)/(-8)*-10 - 1119*(-12)/36. What is the highest common divisor of 23 and p?
23
Let s(l) = -7*l - 2. Let j be s(4). Let z be (-4)/10 + (-1092)/j. Let w = 17 + -8. Calculate the greatest common factor of z and w.
9
Let w = 23 + -13. Let m = -3 - -129. Let u = m + -106. What is the greatest common factor of u and w?
10
Suppose 0 = -93*q + 2769 + 10351 - 1681. Calculate the greatest common factor of q and 6519.
123
Let y(g) = -2664*g + 8094. Let l be y(3). Suppose 0*n + 3*n - 8 = 5*m, 22 = 3*n + 2*m. Calculate the greatest common divisor of l and n.
6
Let a = -113 - -323. Suppose 780 = -78*w + 104*w. What is the highest common divisor of a and w?
30
Let u be 22*2 - (-19 - 1 - -12). Calculate the highest common factor of 4238 and u.
26
Let q be 3/(-2)*((-1542)/18 + 3). Suppose -3*h + 28 = -4*j, -3*j = 2*h + 3 - 16. Calculate the highest common factor of h and q.
4
Suppose -18*t - 10235 = -23*t - 4*p, 2047 = t - 5*p. Calculate the highest common divisor of t and 801.
89
Let b(j) = 26*j - 248. Let t(i) = -7*i - 11. Let d be t(-3). Let h be b(d). Calculate the highest common factor of 33 and h.
3
Suppose 13*r + 0*r - 338 = 1014. Calculate the highest common factor of r and 559.
13
Suppose -12 = -4*m - 5*n, 0 = -8*m + 9*m + 5*n + 12. Suppose -400 = -m*p - 48. What is the greatest common factor of p and 121?
11
Let m(s) = -s**3 - 23*s**2 - 82*s + 35. Let b be m(-16). Let r = -390 - b. What is the highest common divisor of 495 and r?
55
Suppose h + h + 20 = -3*a, 5 = -5*h. Let m be (-3070)/(-85) - (-7)/(357/a). Calculate the greatest common factor of m and 12.
12
Let m(j) = j**2 + 3*j - 395. Let t be m(19). Calculate the highest common divisor of 3473 and t.
23
Let f be 38 + -29 - 2/(8/(-3244)). Calculate the highest common factor of 40 and f.
20
Let q be (0 - -2) + (3 - -223). Let t(h) = 2*h**3 + 15*h**2 - 5*h + 36. Let m be t(-8). What is the highest common factor of q and m?
12
Suppose -5*w = -j - 3415, -4*w + 5*j = -1314 - 1397. Suppose 11*k + 341 = g + 9*k, 2*g - 2*k - w = 0. What is the highest common divisor of g and 7?
7
Suppose 13790 = 232*j - 618 - 1136. What is the highest common factor of j and 41875?
67
Let c be 5/(-6) + 11324/456. Suppose 3*m - 5*k = -m + 22, m = 5*k + 13. Suppose m*u - 33 - 75 = 0. Calculate the greatest common divisor of u and c.
12
Let r(j) be the first derivative of 2*j**2 + j - 183. Let h be r(2). Suppose p + 0 = 9. What is the greatest common factor of p and h?
9
Let b = 2011 + -2006. What is the highest common divisor of b and 2105?
5
Let k(l) = -l + 21. Let i be k(12). Suppose 0 = -2*c + i*c + 35. Let j(w) = -23*w + 11. Let n be j(c). Calculate the highest common factor of n and 18.
18
Suppose -6*m - 22 + 4822 = 0. What is the highest common divisor of 256 and m?
32
Let n(m) = -4*m + 1109. Let c be n(-78). What is the highest common factor of c and 98?
49
Let f(z) = -z**2 - 10*z - 31. Let o = -55 - -48. Let 